me factors of 14182166.
2, 7091083
List the prime factors of 18301022.
2, 457, 20023
What are the prime factors of 887145?
3, 5, 7, 17, 71
List the prime factors of 229709.
29, 89
What are the prime factors of 2523557?
2523557
What are the prime factors of 407690?
2, 5, 59, 691
List the prime factors of 8141190.
2, 3, 5, 43, 6311
What are the prime factors of 7903512?
2, 3, 31, 3541
List the prime factors of 274384.
2, 11, 1559
List the prime factors of 7849272.
2, 3, 251, 1303
What are the prime factors of 432432?
2, 3, 7, 11, 13
What are the prime factors of 2682378?
2, 3, 149021
List the prime factors of 255400.
2, 5, 1277
List the prime factors of 656507.
19, 109, 317
List the prime factors of 2709359.
2709359
List the prime factors of 10947338.
2, 37, 147937
List the prime factors of 1628419.
13, 229, 547
What are the prime factors of 264000?
2, 3, 5, 11
What are the prime factors of 4911208?
2, 29, 21169
What are the prime factors of 17179382?
2, 11, 19, 73, 563
List the prime factors of 28602382.
2, 14301191
What are the prime factors of 57172?
2, 14293
What are the prime factors of 138336?
2, 3, 11, 131
List the prime factors of 70935.
3, 5, 4729
What are the prime factors of 1529252?
2, 17, 43, 523
What are the prime factors of 1288783?
1288783
List the prime factors of 8609430.
2, 3, 5, 286981
What are the prime factors of 22419871?
23, 29, 33613
List the prime factors of 193949.
7, 103, 269
What are the prime factors of 473808?
2, 3, 9871
List the prime factors of 58224.
2, 3, 1213
List the prime factors of 498695.
5, 17, 5867
List the prime factors of 3031037.
359, 8443
List the prime factors of 1026077.
13, 78929
What are the prime factors of 548559?
3, 11, 1847
What are the prime factors of 11916435?
3, 5, 631, 1259
List the prime factors of 1947878.
2, 179, 5441
What are the prime factors of 6460844?
2, 13, 124247
What are the prime factors of 938750?
2, 5, 751
What are the prime factors of 87897?
3, 83, 353
List the prime factors of 5332811.
11, 167, 2903
List the prime factors of 165241.
149, 1109
What are the prime factors of 2737436?
2, 13, 61, 863
What are the prime factors of 89666?
2, 107, 419
List the prime factors of 292509.
3, 7, 4643
What are the prime factors of 73370?
2, 5, 11, 23, 29
List the prime factors of 1616194.
2, 808097
What are the prime factors of 29842?
2, 43, 347
What are the prime factors of 2170817?
11, 197347
List the prime factors of 23656690.
2, 5, 17, 37, 3761
What are the prime factors of 1063964?
2, 11, 24181
What are the prime factors of 4395389?
4395389
List the prime factors of 4240995.
3, 5, 11, 25703
What are the prime factors of 494252?
2, 11, 47, 239
What are the prime factors of 6230730?
2, 3, 5, 11, 79, 239
List the prime factors of 910650.
2, 3, 5, 13, 467
List the prime factors of 617714.
2, 308857
What are the prime factors of 113753?
19, 5987
What are the prime factors of 947833?
947833
What are the prime factors of 3078157?
41, 193, 389
What are the prime factors of 85563?
3, 3169
List the prime factors of 42240785.
5, 8448157
List the prime factors of 208986.
2, 3, 61, 571
What are the prime factors of 92250?
2, 3, 5, 41
What are the prime factors of 51949?
51949
List the prime factors of 7019792.
2, 13, 33749
What are the prime factors of 175733?
47, 3739
What are the prime factors of 297061?
297061
What are the prime factors of 183611?
183611
List the prime factors of 22743429.
3, 31, 244553
List the prime factors of 203877.
3, 839
List the prime factors of 523040.
2, 5, 7, 467
What are the prime factors of 1343407?
13, 23, 4493
What are the prime factors of 367264?
2, 23, 499
What are the prime factors of 414554?
2, 7, 29611
List the prime factors of 4355526.
2, 3, 7, 103703
What are the prime factors of 1811970?
2, 3, 5, 2237
List the prime factors of 16069355.
5, 163, 19717
What are the prime factors of 1336857?
3, 445619
What are the prime factors of 7059031?
7, 1008433
What are the prime factors of 120860?
2, 5, 6043
What are the prime factors of 1018328?
2, 127291
What are the prime factors of 1635276?
2, 3, 136273
List the prime factors of 2356312.
2, 7, 6011
What are the prime factors of 26801327?
7, 47, 81463
What are the prime factors of 6581537?
43, 153059
What are the prime factors of 10786089?
3, 3595363
List the prime factors of 733349.
479, 1531
List the prime factors of 1269848.
2, 158731
List the prime factors of 362526.
2, 3, 23, 37, 71
List the prime factors of 706722.
2, 3, 117787
List the prime factors of 222168.
2, 3, 9257
What are the prime factors of 1417357?
59, 24023
List the prime factors of 16578122.
2, 11, 47, 16033
What are the prime factors of 334205?
5, 66841
What are the prime factors of 789461?
67, 11783
List the prime factors of 21569413.
17, 1268789
What are the prime factors of 672256?
2, 13, 101
What are the prime factors of 2192519?
7, 293, 1069
What are the prime factors of 3572589?
3, 19, 233, 269
List the prime factors of 4108478.
2, 11, 43, 101
What are the prime factors of 383175?
3, 5, 13, 131
List the prime factors of 142140.
2, 3, 5, 23, 103
What are the prime factors of 215271?
3, 7, 17, 67
What are the prime factors of 26553805?
5, 2017, 2633
List the prime factors of 8018694.
2, 3, 61, 67, 109
List the prime factors of 207101.
73, 2837
List the prime factors of 23582260.
2, 5, 13, 6977
List the prime factors of 7732278.
2, 3, 19, 23, 983
What are the prime factors of 631781?
317, 1993
List the prime factors of 485399.
41, 11839
What are the prime factors of 1602985?
5, 23, 53, 263
List the prime factors of 30762469.
17, 1809557
List the prime factors of 707950.
2, 5, 14159
What are the prime factors of 170187?
3, 17, 47, 71
What are the prime factors of 302561?
7, 43223
List the prime factors of 279436.
2, 69859
List the prime factors of 4641359.
1123, 4133
List the prime factors of 287781.
3, 13, 47, 157
What are the prime factors of 680781?
3, 149, 1523
List the prime factors of 958133.
11, 87103
List the prime factors of 129996.
2, 3, 23, 157
List the prime factors of 6403840.
2, 5, 5003
List the prime factors of 761310.
2, 3, 5, 11, 769
What are the prime factors of 236441?
101, 2341
List the prime factors of 228228.
2, 3, 7, 11, 13, 19
List the prime factors of 10628166.
2, 3, 1771361
List the prime factors of 9792.
2, 3, 17
What are the prime factors of 4136252?
2, 113, 9151
What are the prime factors of 2385162?
2, 3, 13, 10193
What are the prime factors of 4845322?
2, 2422661
List the prime factors of 282938.
2, 193, 733
What are the prime factors of 7114125?
3, 5, 61, 311
List the prime factors of 219486.
2, 3, 157, 233
What are the prime factors of 276045?
3, 5, 7, 11, 239
What are the prime factors of 18295167?
3, 11, 43, 12893
What are the prime factors of 186888?
2, 3, 13, 599
List the prime factors of 1177967.
7, 168281
What are the prime factors of 5610165?
3, 5, 11, 281
What are the prime factors of 565828?
2, 17, 53, 157
What are the prime factors of 21174003?
3, 401, 5867
List the prime factors of 31751295.
3, 5, 103, 20551
What are the prime factors of 173702?
2, 86851
List the prime factors of 11720636.
2, 2930159
List the prime factors of 1891299.
3, 630433
List the prime factors of 143809.
31, 4639
What are the prime factors of 451291?
59, 7649
List the prime factors of 1162681.
13, 17, 5261
List the prime factors of 1159763.
11, 59, 1787
What are the prime factors of 920826?
2, 3, 51157
List the prime factors of 444744.
2, 3, 29, 71
List the prime factors of 3730662.
2, 3, 13, 107, 149
What are the prime factors of 381702?
2, 3, 63617
What are the prime factors of 60671?
13, 359
List the prime factors of 25550699.
71, 359869
List the prime factors of 228255.
3, 5, 15217
List the prime factors of 31464569.
17, 97, 19081
What are the prime factors of 6830942?
2, 3415471
What are the prime factors of 18971512?
2, 7, 338777
List the prime factors of 122037.
3, 19, 2141
What are the prime factors of 410?
2, 5, 41
What are the prime factors of 2997712?
2, 17, 103, 107
What are the prime factors of 2626298?
2, 29, 45281
What are the prime factors of 12662439?
3, 4220813
List the prime factors of 920792.
2, 115099
What are the prime factors of 2261831?
11, 13, 15817
List the prime factors of 605557.
17, 179, 1